{"id":109,"date":"2019-06-11T00:56:12","date_gmt":"2019-06-10T22:56:12","guid":{"rendered":"<div id=\"i7kta6wr\" class=\"txtNew\" data-packed=\"false\">\n<p class=\"font_7\"><span class=\"color_12\">Issu d'une famille de musiciens, il d\u00e9couvre gr\u00e2ce \u00e0 son p\u00e8re Jean-Claude \"Tony\" Pont\u00e9 qui pratique la basse, une grande vari\u00e9t\u00e9 de musiques et de nombreux lie"},"modified":"2019-06-11T00:56:12","modified_gmt":"2019-06-10T22:56:12","slug":"david-ponte","status":"publish","type":"artistes","link":"https:\/\/saudadedaluz.fr\/br\/artistes\/david-ponte\/","title":{"rendered":"David Ponte"},"content":{"rendered":"<div id=\"i7kta6wr\" class=\"txtNew\" data-packed=\"false\">\n<p class=\"font_7\"><span class=\"color_12\">Issu d&rsquo;une famille de musiciens, il d\u00e9couvre gr\u00e2ce \u00e0 son p\u00e8re Jean-Claude \u00ab\u00a0Tony\u00a0\u00bb Pont\u00e9 qui pratique la basse, une grande vari\u00e9t\u00e9 de musiques et de nombreux lieux de concerts&#8230;<\/span><\/p>\n<p class=\"font_7\"><span class=\"color_12\">Autodidacte \u00e0 la batterie et \u00e0 la guitare, c&rsquo;est en 2000 que son fr\u00e8re qui est aussi bassiste lui offre une basse. Ce fut un d\u00e9clic.<\/span><\/p>\n<p class=\"font_7\"><span class=\"color_12\">Il pratique la basse 4 et 5 cordes dans diff\u00e9rents styles.<\/span><\/p>\n<p class=\"font_7\"><span class=\"color_12\">Depuis 2002, il int\u00e8gre diff\u00e9rentes formations avec des musiciens de styles divers, et fait des rencontres \u00a0qui permettrons de d\u00e9velopper son jeu et son expression, jusqu&rsquo;\u00e0 aujourd&rsquo;hui.<\/span><\/p>\n<p class=\"font_7\"><span class=\"color_12\">Il a \u00e9galement particip\u00e9 aux albums de Chatterbox, Pulse factory, Nara Lisboa, Jimmy Marnat.<\/span><\/p>\n<p class=\"font_7\">\u00a0<\/p>\n<\/div>","protected":false},"featured_media":108,"template":"","annee":[60,61,63],"class_list":["post-109","artistes","type-artistes","status-publish","has-post-thumbnail","hentry","annee-60","annee-61","annee-63"],"_links":{"self":[{"href":"https:\/\/saudadedaluz.fr\/br\/wp-json\/wp\/v2\/artistes\/109","targetHints":{"allow":["GET"]}}],"collection":[{"href":"https:\/\/saudadedaluz.fr\/br\/wp-json\/wp\/v2\/artistes"}],"about":[{"href":"https:\/\/saudadedaluz.fr\/br\/wp-json\/wp\/v2\/types\/artistes"}],"wp:featuredmedia":[{"embeddable":true,"href":"https:\/\/saudadedaluz.fr\/br\/wp-json\/wp\/v2\/media\/108"}],"wp:attachment":[{"href":"https:\/\/saudadedaluz.fr\/br\/wp-json\/wp\/v2\/media?parent=109"}],"wp:term":[{"taxonomy":"annee","embeddable":true,"href":"https:\/\/saudadedaluz.fr\/br\/wp-json\/wp\/v2\/annee?post=109"}],"curies":[{"name":"wp","href":"https:\/\/api.w.org\/{rel}","templated":true}]}}

<div id="i7kta6wr" class="txtNew" data-packed="false">
<p class="font_7"><span class="color_12">Issu d'une famille de musiciens, il découvre grâce à son père Jean-Claude "Tony" Ponté qui pratique la basse, une grande variété de musiques et de nombreux lie

<div id="i7kta6wr" class="txtNew" data-packed="false">
<p class="font_7"><span class="color_12">Issu d&rsquo;une famille de musiciens, il découvre grâce à son père Jean-Claude « Tony » Ponté qui pratique la basse, une grande variété de musiques et de nombreux lieux de concerts&#8230;</span></p>
<p class="font_7"><span class="color_12">Autodidacte à la batterie et à la guitare, c&rsquo;est en 2000 que son frère qui est aussi bassiste lui offre une basse. Ce fut un déclic.</span></p>
<p class="font_7"><span class="color_12">Il pratique la basse 4 et 5 cordes dans différents styles.</span></p>
<p class="font_7"><span class="color_12">Depuis 2002, il intègre différentes formations avec des musiciens de styles divers, et fait des rencontres  qui permettrons de développer son jeu et son expression, jusqu&rsquo;à aujourd&rsquo;hui.</span></p>
<p class="font_7"><span class="color_12">Il a également participé aux albums de Chatterbox, Pulse factory, Nara Lisboa, Jimmy Marnat.</span></p>
<p class="font_7"> </p>
</div>
