{"id":132,"date":"2019-06-11T01:03:54","date_gmt":"2019-06-10T23:03:54","guid":{"rendered":"<p>Edi Barcelo est n\u00e9 \u00e0 Rio de Janeiro et a grandi dans une ambiance musicale. Il a commenc\u00e9 \u00e0 chanter seul, pendant ses vacances, en r\u00e9coltant le ma\u00efs chez son grand p\u00e8re. Il a la musique et le rythme br\u00e9silien dans le sang, dans son \u00e2me et sa voix. La m"},"modified":"2019-06-11T01:03:54","modified_gmt":"2019-06-10T23:03:54","slug":"edi-barcelo","status":"publish","type":"artistes","link":"https:\/\/saudadedaluz.fr\/br\/artistes\/edi-barcelo\/","title":{"rendered":"Edi Barcelo"},"content":{"rendered":"<p>Edi Barcelo est n\u00e9 \u00e0 Rio de Janeiro et a grandi dans une ambiance musicale. Il a commenc\u00e9 \u00e0 chanter seul, pendant ses vacances, en r\u00e9coltant le ma\u00efs chez son grand p\u00e8re. Il a la musique et le rythme br\u00e9silien dans le sang, dans son \u00e2me et sa voix. La maturit\u00e9 et la technique recherch\u00e9es sont venues avec l&rsquo;influence des rencontres musicales et les \u00e9changes culturels. Il a choisi la pratique de la capoeira qui a dessin\u00e9 son avenir, ce qui lui a offert l&rsquo;opportunit\u00e9 de faire l&rsquo;ouverture d&rsquo;importantes sc\u00e8nes europ\u00e9ennes lors de tourn\u00e9es de musique culturelle. Il vit en Espagne depuis trente ans, y a enregistr\u00e9 deux albums.<\/p>","protected":false},"featured_media":131,"template":"","annee":[58],"class_list":["post-132","artistes","type-artistes","status-publish","has-post-thumbnail","hentry","annee-58"],"_links":{"self":[{"href":"https:\/\/saudadedaluz.fr\/br\/wp-json\/wp\/v2\/artistes\/132","targetHints":{"allow":["GET"]}}],"collection":[{"href":"https:\/\/saudadedaluz.fr\/br\/wp-json\/wp\/v2\/artistes"}],"about":[{"href":"https:\/\/saudadedaluz.fr\/br\/wp-json\/wp\/v2\/types\/artistes"}],"wp:featuredmedia":[{"embeddable":true,"href":"https:\/\/saudadedaluz.fr\/br\/wp-json\/wp\/v2\/media\/131"}],"wp:attachment":[{"href":"https:\/\/saudadedaluz.fr\/br\/wp-json\/wp\/v2\/media?parent=132"}],"wp:term":[{"taxonomy":"annee","embeddable":true,"href":"https:\/\/saudadedaluz.fr\/br\/wp-json\/wp\/v2\/annee?post=132"}],"curies":[{"name":"wp","href":"https:\/\/api.w.org\/{rel}","templated":true}]}}

<p>Edi Barcelo est né à Rio de Janeiro et a grandi dans une ambiance musicale. Il a commencé à chanter seul, pendant ses vacances, en récoltant le maïs chez son grand père. Il a la musique et le rythme brésilien dans le sang, dans son âme et sa voix. La m

<p>Edi Barcelo est né à Rio de Janeiro et a grandi dans une ambiance musicale. Il a commencé à chanter seul, pendant ses vacances, en récoltant le maïs chez son grand père. Il a la musique et le rythme brésilien dans le sang, dans son âme et sa voix. La maturité et la technique recherchées sont venues avec l&rsquo;influence des rencontres musicales et les échanges culturels. Il a choisi la pratique de la capoeira qui a dessiné son avenir, ce qui lui a offert l&rsquo;opportunité de faire l&rsquo;ouverture d&rsquo;importantes scènes européennes lors de tournées de musique culturelle. Il vit en Espagne depuis trente ans, y a enregistré deux albums.</p>
