{"id":241613,"date":"2019-08-12T18:40:25","date_gmt":"2019-08-12T16:40:25","guid":{"rendered":"<p class=\"font_8\"><span class=\"color_11\">Chanteuse et guitariste, Virginie Del pose sa voix cristalline sur les standards de la chanson fran\u00e7aise et internationale des ann\u00e9es 50 \u00e0 70, agr\u00e9ment\u00e9e des notes chaleureuses du Br\u00e9sil, o\u00f9 elle a longtemps v\u00e9cu. "},"modified":"2019-08-12T18:40:25","modified_gmt":"2019-08-12T16:40:25","slug":"virginie-del","status":"publish","type":"artistes","link":"https:\/\/saudadedaluz.fr\/br\/artistes\/virginie-del\/","title":{"rendered":"Virginie Del"},"content":{"rendered":"<p class=\"font_8\"><span class=\"color_11\">Chanteuse et guitariste, Virginie Del pose sa voix cristalline sur les standards de la chanson fran\u00e7aise et internationale des ann\u00e9es 50 \u00e0 70, agr\u00e9ment\u00e9e des notes chaleureuses du Br\u00e9sil, o\u00f9 elle a longtemps v\u00e9cu. Au son de sa guitare acoustique, elle laisse une grande place \u00e0 la cr\u00e9ation\u2026<\/span><\/p>\n<p class=\"font_8\"><span class=\"color_11\">La musique est revisit\u00e9e selon l\u2019inspiration\u00a0; tant\u00f4t Bossa, tant\u00f4t Blues, elle vous emporte ailleurs, dans un univers cosy, suave et chaleureux\u2026<\/span><\/p>\n\n\n<!--themify_builder_static--><!--\/themify_builder_static-->","protected":false},"featured_media":251,"template":"","annee":[66],"class_list":["post-241613","artistes","type-artistes","status-publish","has-post-thumbnail","hentry","annee-66"],"_links":{"self":[{"href":"https:\/\/saudadedaluz.fr\/br\/wp-json\/wp\/v2\/artistes\/241613","targetHints":{"allow":["GET"]}}],"collection":[{"href":"https:\/\/saudadedaluz.fr\/br\/wp-json\/wp\/v2\/artistes"}],"about":[{"href":"https:\/\/saudadedaluz.fr\/br\/wp-json\/wp\/v2\/types\/artistes"}],"wp:featuredmedia":[{"embeddable":true,"href":"https:\/\/saudadedaluz.fr\/br\/wp-json\/wp\/v2\/media\/251"}],"wp:attachment":[{"href":"https:\/\/saudadedaluz.fr\/br\/wp-json\/wp\/v2\/media?parent=241613"}],"wp:term":[{"taxonomy":"annee","embeddable":true,"href":"https:\/\/saudadedaluz.fr\/br\/wp-json\/wp\/v2\/annee?post=241613"}],"curies":[{"name":"wp","href":"https:\/\/api.w.org\/{rel}","templated":true}]}}

<p class="font_8"><span class="color_11">Chanteuse et guitariste, Virginie Del pose sa voix cristalline sur les standards de la chanson française et internationale des années 50 à 70, agrémentée des notes chaleureuses du Brésil, où elle a longtemps vécu.

<p class="font_8"><span class="color_11">Chanteuse et guitariste, Virginie Del pose sa voix cristalline sur les standards de la chanson française et internationale des années 50 à 70, agrémentée des notes chaleureuses du Brésil, où elle a longtemps vécu. Au son de sa guitare acoustique, elle laisse une grande place à la création…</span></p>
<p class="font_8"><span class="color_11">La musique est revisitée selon l’inspiration ; tantôt Bossa, tantôt Blues, elle vous emporte ailleurs, dans un univers cosy, suave et chaleureux…</span></p>


<!--themify_builder_static--><!--/themify_builder_static-->
