{"id":240039,"date":"2019-11-15T00:06:12","date_gmt":"2019-11-14T23:06:12","guid":{"rendered":"<div>Saudade da Luz participe \u00e0 l\u2019organisation d\u2019\u00e9changes culturels internationaux et \u00e0 la promotion de projets artistiques, principalement dans le domaine de la musique.<\/div>\n<div>&nbsp;<\/div>\n<div>De nombreuses collaborations entre le Br\u00e9sil et la Fran"},"modified":"2019-11-15T00:06:12","modified_gmt":"2019-11-14T23:06:12","slug":"bio","status":"publish","type":"biographie","link":"https:\/\/saudadedaluz.fr\/br\/biographie\/bio\/","title":{"rendered":"Bio"},"content":{"rendered":"<div>Saudade da Luz participa na organiza\u00e7\u00e3o de interc\u00e2mbios culturais internacionais e na promo\u00e7\u00e3o de projetos art\u00edsticos, principalmente no dom\u00ednio da m\u00fasica.<\/div>\n<div>&nbsp;<\/div>\n<div>Muitas das colabora\u00e7\u00f5es entre Brasil e Fran\u00e7a surgiram a partir desses projetos.<\/div>\n\n\n\n<!--themify_builder_static--><!--\/themify_builder_static-->","protected":false},"featured_media":0,"parent":0,"template":"","class_list":["post-240039","biographie","type-biographie","status-publish","hentry"],"_links":{"self":[{"href":"https:\/\/saudadedaluz.fr\/br\/wp-json\/wp\/v2\/biographie\/240039","targetHints":{"allow":["GET"]}}],"collection":[{"href":"https:\/\/saudadedaluz.fr\/br\/wp-json\/wp\/v2\/biographie"}],"about":[{"href":"https:\/\/saudadedaluz.fr\/br\/wp-json\/wp\/v2\/types\/biographie"}],"wp:attachment":[{"href":"https:\/\/saudadedaluz.fr\/br\/wp-json\/wp\/v2\/media?parent=240039"}],"curies":[{"name":"wp","href":"https:\/\/api.w.org\/{rel}","templated":true}]}}

<div>Saudade da Luz participe à l’organisation d’échanges culturels internationaux et à la promotion de projets artistiques, principalement dans le domaine de la musique.</div>
<div>&nbsp;</div>
<div>De nombreuses collaborations entre le Brésil et la Fran

<div>Saudade da Luz participa na organização de intercâmbios culturais internacionais e na promoção de projetos artísticos, principalmente no domínio da música.</div>
<div>&nbsp;</div>
<div>Muitas das colaborações entre Brasil e França surgiram a partir desses projetos.</div>



<!--themify_builder_static--><!--/themify_builder_static-->
