{"id":221,"date":"2016-01-26T20:55:29","date_gmt":"2016-01-26T19:55:29","guid":{"rendered":"<p style=\"text-align: center\">Saudade da Luz participe \u00e0 l'organisation d'\u00e9changes culturels internationaux et \u00e0 la promotion de projets artistiques, principalement dans le domaine de la musique.<br \/>De nombreuses collaborations entre le Br\u00e9sil et la Fra"},"modified":"2016-01-26T20:55:29","modified_gmt":"2016-01-26T19:55:29","slug":"texte-introduction","status":"publish","type":"texte","link":"https:\/\/saudadedaluz.fr\/br\/texte\/texte-introduction\/","title":{"rendered":"Texte introduction"},"content":{"rendered":"<p style=\"text-align: center\">Saudade da Luz participe \u00e0 l&rsquo;organisation d&rsquo;\u00e9changes culturels internationaux et \u00e0 la promotion de projets artistiques, principalement dans le domaine de la musique.<br \/>De nombreuses collaborations entre le Br\u00e9sil et la France\u00a0ont d\u00e9coul\u00e9 de ces projets.<\/p>","protected":false},"featured_media":0,"template":"","class_list":["post-221","texte","type-texte","status-publish","hentry"],"_links":{"self":[{"href":"https:\/\/saudadedaluz.fr\/br\/wp-json\/wp\/v2\/texte\/221","targetHints":{"allow":["GET"]}}],"collection":[{"href":"https:\/\/saudadedaluz.fr\/br\/wp-json\/wp\/v2\/texte"}],"about":[{"href":"https:\/\/saudadedaluz.fr\/br\/wp-json\/wp\/v2\/types\/texte"}],"wp:attachment":[{"href":"https:\/\/saudadedaluz.fr\/br\/wp-json\/wp\/v2\/media?parent=221"}],"curies":[{"name":"wp","href":"https:\/\/api.w.org\/{rel}","templated":true}]}}

<p style="text-align: center">Saudade da Luz participe à l'organisation d'échanges culturels internationaux et à la promotion de projets artistiques, principalement dans le domaine de la musique.<br />De nombreuses collaborations entre le Brésil et la Fra

<p style="text-align: center">Saudade da Luz participe à l&rsquo;organisation d&rsquo;échanges culturels internationaux et à la promotion de projets artistiques, principalement dans le domaine de la musique.<br />De nombreuses collaborations entre le Brésil et la France ont découlé de ces projets.</p>
